{"id":1914,"date":"2024-02-07T10:04:12","date_gmt":"2024-02-07T10:04:12","guid":{"rendered":"https:\/\/firstcargo.se\/?page_id=1914"},"modified":"2024-02-26T09:47:38","modified_gmt":"2024-02-26T09:47:38","slug":"our-history","status":"publish","type":"page","link":"https:\/\/firstcargo.se\/sv\/our-history\/","title":{"rendered":"V\u00e5r historia"},"content":{"rendered":"<p><div class=\"fusion-fullwidth fullwidth-box fusion-builder-row-1 fusion-flex-container has-pattern-background has-mask-background fusion-parallax-none nonhundred-percent-fullwidth non-hundred-percent-height-scrolling\" style=\"--awb-border-radius-top-left:0px;--awb-border-radius-top-right:0px;--awb-border-radius-bottom-right:0px;--awb-border-radius-bottom-left:0px;--awb-padding-right:20px;--awb-padding-left:20px;--awb-min-height:500px;--awb-background-image:url(&quot;https:\/\/firstcargo.se\/wp-content\/uploads\/2024\/02\/First-Cargo-3-1024x576.png&quot;);--awb-background-size:cover;\" ><div class=\"fusion-builder-row fusion-row fusion-flex-align-items-center\" style=\"max-width:1248px;margin-left: calc(-4% \/ 2 );margin-right: calc(-4% \/ 2 );\"><div class=\"fusion-layout-column fusion_builder_column fusion-builder-column-0 fusion_builder_column_1_1 1_1 fusion-flex-column\" style=\"--awb-bg-size:cover;--awb-width-large:100%;--awb-spacing-right-large:1.92%;--awb-spacing-left-large:1.92%;--awb-width-medium:100%;--awb-order-medium:0;--awb-spacing-right-medium:1.92%;--awb-spacing-left-medium:1.92%;--awb-width-small:100%;--awb-order-small:0;--awb-spacing-right-small:1.92%;--awb-spacing-left-small:1.92%;\"><div class=\"fusion-column-wrapper fusion-column-has-shadow fusion-flex-justify-content-flex-start fusion-content-layout-column\"><div class=\"fusion-title title fusion-title-1 fusion-sep-none fusion-title-center fusion-title-text fusion-title-size-one fusion-animated\" style=\"--awb-text-color:#ffffff;--awb-font-size:50px;\" data-animationtype=\"fadeInUp\" data-animationduration=\"1.0\" data-animationoffset=\"top-into-view\"><h1 class=\"title-heading-center fusion-responsive-typography-calculated\" style=\"margin:0;font-size:1em;--fontSize:50;line-height:var(--awb-typography1-line-height);\">V\u00e5r historia<\/h1><\/div><\/div><\/div><\/div><\/div><section class=\"fusion-fullwidth fullwidth-box fusion-builder-row-2 fusion-flex-container has-pattern-background has-mask-background nonhundred-percent-fullwidth non-hundred-percent-height-scrolling\" style=\"--awb-border-radius-top-left:0px;--awb-border-radius-top-right:0px;--awb-border-radius-bottom-right:0px;--awb-border-radius-bottom-left:0px;--awb-padding-top:7%;--awb-padding-bottom:7%;--awb-background-color:var(--awb-color2);\" ><div class=\"fusion-builder-row fusion-row fusion-flex-align-items-flex-start fusion-flex-justify-content-center\" style=\"max-width:1248px;margin-left: calc(-4% \/ 2 );margin-right: calc(-4% \/ 2 );\"><div class=\"fusion-layout-column fusion_builder_column fusion-builder-column-1 fusion_builder_column_2_3 2_3 fusion-flex-column\" style=\"--awb-padding-top:0px;--awb-padding-right:0px;--awb-padding-bottom:0px;--awb-padding-left:0px;--awb-bg-size:cover;--awb-width-large:66.666666666667%;--awb-spacing-right-large:2.88%;--awb-spacing-left-large:2.88%;--awb-width-medium:66.666666666667%;--awb-order-medium:0;--awb-spacing-right-medium:2.88%;--awb-spacing-left-medium:2.88%;--awb-width-small:100%;--awb-order-small:0;--awb-spacing-right-small:1.92%;--awb-spacing-left-small:1.92%;\"><div class=\"fusion-column-wrapper fusion-column-has-shadow fusion-flex-justify-content-flex-start fusion-content-layout-column\"><div class=\"fusion-title title fusion-title-2 fusion-sep-none fusion-title-text fusion-title-size-three\" style=\"--awb-text-color:var(--awb-color8);--awb-margin-bottom:40px;\"><h3 class=\"title-heading-left fusion-responsive-typography-calculated\" style=\"margin:0;--fontSize:40;line-height:var(--awb-typography1-line-height);\">Allt b\u00f6rjade med fyra v\u00e4nner...<\/h3><\/div><div class=\"fusion-text fusion-text-1 fusion-text-no-margin\" style=\"--awb-margin-bottom:30px;\"><p>Det b\u00f6rjade med fyra v\u00e4nner \u2013 Johan Alm\u00e9n, Leif Johnson, Sven Algholm och Thomas Lindstr\u00f6m. Vi arbetade alla inom delvis olika yrkesomr\u00e5den p\u00e5 ett st\u00f6rre transport- och speditionsf\u00f6retag. Alla fyra ville, var f\u00f6r sig, f\u00f6r\u00e4ndra transportbranschen. De ville kunna erbjuda transporttj\u00e4nster p\u00e5 ett mer personligt s\u00e4tt.<\/p>\n<p>Med ett starkt fokus p\u00e5 kundservice och genom att bygga ett lojalt team och arbeta n\u00e4ra ombud och dotterbolag - f\u00f6r b\u00e4ttre transporter.<\/p>\n<p>Vid millennieskiftet \u00e5r 2000 best\u00e4mde sig v\u00e4nnerna f\u00f6r att ta steget. De s\u00e5g att mycket saknades i transportbranschen och ins\u00e5g att det enda s\u00e4ttet att f\u00e5 transporter som de ville var att starta eget.<\/p>\n<p>First Cargo AB s\u00e5g dagens ljus i l\u00e5nade lokaler p\u00e5 Hisingen i G\u00f6teborg. Utan n\u00e5gon direktmarknadsf\u00f6ring kom vi ig\u00e5ng, och sedan dess har allt, bokstavligt talat, rullat p\u00e5 i snabb takt. De flesta kunder, leverant\u00f6rer och agenter har f\u00f6ljt med First Cargo p\u00e5 v\u00e5r resa.<\/p>\n<p>Driver-based transports between Sweden and the Iberian Peninsula was and remains an important base business in combination with advanced ad hoc solutions by road, sea and air with selected partners in many countries. It was reinforced by the membership of GLA (Global Logistics Associates) in 2008.<\/p>\n<p>The business grew \u2013 in 2002 First Cargo Transitarios SA opened in Madrid. In 2010, we opened an office in Helsingborg, which later moved to Malm\u00f6 in 2019. Today, we have over 25 employees, transport approx. 3,000 consignments per month and turnover close to 400 million SEK in the group.<\/p>\n<p>En framg\u00e5ngssaga, ja! Men det beror inte (bara) p\u00e5 tur! Det har varit h\u00e5rt arbete, svett och svordomar. Alla v\u00e5ra intressenter, medarbetare och leverant\u00f6rer har st\u00f6ttat oss i v\u00e5tt och torrt och hj\u00e4lpt oss att bli ett f\u00f6retag d\u00e4r vi alla \u00e4r mycket stolta \u00f6ver att vara med och bidra till rimliga villkor f\u00f6r alla.<\/p>\n<p>Our certifications ISO9001\/14001 (starting in 2011) reinforce this. And in 2022, we became the first forwarding company in the world to be verified according to ISO26000, to structure our CSR work (Corporate Social Responsibility).<\/p>\n<p>En transport hos oss ger ett merv\u00e4rde f\u00f6r alla, \u00e4ven leverant\u00f6rer och milj\u00f6.<\/p>\n<p>Till alla v\u00e5ra intressenter vill vi s\u00e4ga \u2013 tack s\u00e5 mycket f\u00f6r ert f\u00f6rtroende! Vi kommer att f\u00f6rvalta det v\u00e4l.<\/p>\n<p>G\u00f6teborg h\u00f6sten 2023\n\n\/Thomas Lindstr\u00f6m, VD<\/p>\n<\/div><\/div><\/div><\/div><\/section><\/p>","protected":false},"excerpt":{"rendered":"","protected":false},"author":2,"featured_media":0,"parent":0,"menu_order":0,"comment_status":"closed","ping_status":"closed","template":"100-width.php","meta":{"footnotes":""},"class_list":["post-1914","page","type-page","status-publish","hentry"],"_links":{"self":[{"href":"https:\/\/firstcargo.se\/sv\/wp-json\/wp\/v2\/pages\/1914","targetHints":{"allow":["GET"]}}],"collection":[{"href":"https:\/\/firstcargo.se\/sv\/wp-json\/wp\/v2\/pages"}],"about":[{"href":"https:\/\/firstcargo.se\/sv\/wp-json\/wp\/v2\/types\/page"}],"author":[{"embeddable":true,"href":"https:\/\/firstcargo.se\/sv\/wp-json\/wp\/v2\/users\/2"}],"replies":[{"embeddable":true,"href":"https:\/\/firstcargo.se\/sv\/wp-json\/wp\/v2\/comments?post=1914"}],"version-history":[{"count":27,"href":"https:\/\/firstcargo.se\/sv\/wp-json\/wp\/v2\/pages\/1914\/revisions"}],"predecessor-version":[{"id":2311,"href":"https:\/\/firstcargo.se\/sv\/wp-json\/wp\/v2\/pages\/1914\/revisions\/2311"}],"wp:attachment":[{"href":"https:\/\/firstcargo.se\/sv\/wp-json\/wp\/v2\/media?parent=1914"}],"curies":[{"name":"wp","href":"https:\/\/api.w.org\/{rel}","templated":true}]}}

Vår historia

<p><div class="fusion-fullwidth fullwidth-box fusion-builder-row-1 fusion-flex-container has-pattern-background has-mask-background fusion-parallax-none nonhundred-percent-fullwidth non-hundred-percent-height-scrolling" style="--awb-border-radius-top-left:0px;--awb-border-radius-top-right:0px;--awb-border-radius-bottom-right:0px;--awb-border-radius-bottom-left:0px;--awb-padding-right:20px;--awb-padding-left:20px;--awb-min-height:500px;--awb-background-image:url(&quot;https://firstcargo.se/wp-content/uploads/2024/02/First-Cargo-3-1024x576.png&quot;);--awb-background-size:cover;" ><div class="fusion-builder-row fusion-row fusion-flex-align-items-center" style="max-width:1248px;margin-left: calc(-4% / 2 );margin-right: calc(-4% / 2 );"><div class="fusion-layout-column fusion_builder_column fusion-builder-column-0 fusion_builder_column_1_1 1_1 fusion-flex-column" style="--awb-bg-size:cover;--awb-width-large:100%;--awb-spacing-right-large:1.92%;--awb-spacing-left-large:1.92%;--awb-width-medium:100%;--awb-order-medium:0;--awb-spacing-right-medium:1.92%;--awb-spacing-left-medium:1.92%;--awb-width-small:100%;--awb-order-small:0;--awb-spacing-right-small:1.92%;--awb-spacing-left-small:1.92%;"><div class="fusion-column-wrapper fusion-column-has-shadow fusion-flex-justify-content-flex-start fusion-content-layout-column"><div class="fusion-title title fusion-title-1 fusion-sep-none fusion-title-center fusion-title-text fusion-title-size-one fusion-animated" style="--awb-text-color:#ffffff;--awb-font-size:50px;" data-animationtype="fadeInUp" data-animationduration="1.0" data-animationoffset="top-into-view"><h1 class="title-heading-center fusion-responsive-typography-calculated" style="margin:0;font-size:1em;--fontSize:50;line-height:var(--awb-typography1-line-height);">Vår historia</h1></div></div></div></div></div><section class="fusion-fullwidth fullwidth-box fusion-builder-row-2 fusion-flex-container has-pattern-background has-mask-background nonhundred-percent-fullwidth non-hundred-percent-height-scrolling" style="--awb-border-radius-top-left:0px;--awb-border-radius-top-right:0px;--awb-border-radius-bottom-right:0px;--awb-border-radius-bottom-left:0px;--awb-padding-top:7%;--awb-padding-bottom:7%;--awb-background-color:var(--awb-color2);" ><div class="fusion-builder-row fusion-row fusion-flex-align-items-flex-start fusion-flex-justify-content-center" style="max-width:1248px;margin-left: calc(-4% / 2 );margin-right: calc(-4% / 2 );"><div class="fusion-layout-column fusion_builder_column fusion-builder-column-1 fusion_builder_column_2_3 2_3 fusion-flex-column" style="--awb-padding-top:0px;--awb-padding-right:0px;--awb-padding-bottom:0px;--awb-padding-left:0px;--awb-bg-size:cover;--awb-width-large:66.666666666667%;--awb-spacing-right-large:2.88%;--awb-spacing-left-large:2.88%;--awb-width-medium:66.666666666667%;--awb-order-medium:0;--awb-spacing-right-medium:2.88%;--awb-spacing-left-medium:2.88%;--awb-width-small:100%;--awb-order-small:0;--awb-spacing-right-small:1.92%;--awb-spacing-left-small:1.92%;"><div class="fusion-column-wrapper fusion-column-has-shadow fusion-flex-justify-content-flex-start fusion-content-layout-column"><div class="fusion-title title fusion-title-2 fusion-sep-none fusion-title-text fusion-title-size-three" style="--awb-text-color:var(--awb-color8);--awb-margin-bottom:40px;"><h3 class="title-heading-left fusion-responsive-typography-calculated" style="margin:0;--fontSize:40;line-height:var(--awb-typography1-line-height);">Allt började med fyra vänner...</h3></div><div class="fusion-text fusion-text-1 fusion-text-no-margin" style="--awb-margin-bottom:30px;"><p>Det började med fyra vänner – Johan Almén, Leif Johnson, Sven Algholm och Thomas Lindström. Vi arbetade alla inom delvis olika yrkesområden på ett större transport- och speditionsföretag. Alla fyra ville, var för sig, förändra transportbranschen. De ville kunna erbjuda transporttjänster på ett mer personligt sätt.</p>
<p>Med ett starkt fokus på kundservice och genom att bygga ett lojalt team och arbeta nära ombud och dotterbolag - för bättre transporter.</p>
<p>Vid millennieskiftet år 2000 bestämde sig vännerna för att ta steget. De såg att mycket saknades i transportbranschen och insåg att det enda sättet att få transporter som de ville var att starta eget.</p>
<p>First Cargo AB såg dagens ljus i lånade lokaler på Hisingen i Göteborg. Utan någon direktmarknadsföring kom vi igång, och sedan dess har allt, bokstavligt talat, rullat på i snabb takt. De flesta kunder, leverantörer och agenter har följt med First Cargo på vår resa.</p>
<p>Driver-based transports between Sweden and the Iberian Peninsula was and remains an important base business in combination with advanced ad hoc solutions by road, sea and air with selected partners in many countries. It was reinforced by the membership of GLA (Global Logistics Associates) in 2008.</p>
<p>The business grew – in 2002 First Cargo Transitarios SA opened in Madrid. In 2010, we opened an office in Helsingborg, which later moved to Malmö in 2019. Today, we have over 25 employees, transport approx. 3,000 consignments per month and turnover close to 400 million SEK in the group.</p>
<p>En framgångssaga, ja! Men det beror inte (bara) på tur! Det har varit hårt arbete, svett och svordomar. Alla våra intressenter, medarbetare och leverantörer har stöttat oss i vått och torrt och hjälpt oss att bli ett företag där vi alla är mycket stolta över att vara med och bidra till rimliga villkor för alla.</p>
<p>Our certifications ISO9001/14001 (starting in 2011) reinforce this. And in 2022, we became the first forwarding company in the world to be verified according to ISO26000, to structure our CSR work (Corporate Social Responsibility).</p>
<p>En transport hos oss ger ett mervärde för alla, även leverantörer och miljö.</p>
<p>Till alla våra intressenter vill vi säga – tack så mycket för ert förtroende! Vi kommer att förvalta det väl.</p>
<p>Göteborg hösten 2023

/Thomas Lindström, VD</p>
</div></div></div></div></section></p>
